pose r - 159 = -w*q, -51 = -q - 3*r - r. What are the prime factors of q?
3, 13
Let h = 9 - 3. Let x(f) = 5*f - 4. What are the prime factors of x(h)?
2, 13
Let i be -2 + -2 + 8 + -2. Let m(j) = 6*j**2 - 3*j**3 + 5 + 5*j**i + 10*j + 4*j**3. What are the prime factors of m(-10)?
5
What are the prime factors of (-14)/70 + 566/5?
113
Suppose 2*j - 6*j + 24 = 0. Suppose -4*i + j*i = 14. List the prime factors of i.
7
Let q(s) = s + 19. What are the prime factors of q(5)?
2, 3
Let f(q) = -q**3 + 7*q**2 - q + 7. Let c be f(7). Suppose -5*i - 3*v = -14, i - 4*v - 18 = -6. Suppose -i*w + c*w = -52. List the prime factors of w.
13
List the prime factors of ((-5)/1)/(3/(-12)).
2, 5
Let s(h) = h**3 + 76. List the prime factors of s(0).
2, 19
Let z = 11 - 7. Suppose 2*l - z = l + 2*q, 0 = 4*l + q - 34. List the prime factors of l.
2
Let n be (18/24)/(2/16). List the prime factors of 3*(2 - n/9).
2
Let y = 7 - 2. Suppose y*c - 18 = 27. What are the prime factors of c?
3
Suppose 0*g + 6 = 3*g. Suppose -3*t = g*t - 10. List the prime factors of t.
2
Suppose 4 + 4 = 2*i. Suppose 10 = i*b - 14. Suppose b*f - 8 = 2*f. What are the prime factors of f?
2
Let q(j) = -j**2 + 6*j. Let k be q(5). Suppose 4*o - 5*o - 2 = -h, 0 = k*o + 5*h - 40. What are the prime factors of o - -11 - 4/2?
2, 3
Let y(s) = s**3 - 8*s**2 - s + 7. Let b be -1*2/1 - -10. Let z be y(b). Let c(g) = -13*g - 1. What are the prime factors of c(z)?
2, 3
Let v = -8 - -3. Let k be v/((-45)/6)*-3. What are the prime factors of 2 + (-3)/(k/2)?
5
Let f(z) = 37*z**2 + 2*z - 1. List the prime factors of f(1).
2, 19
Let t(d) = d**3 + 13*d**2 - 13*d + 18. Let w be t(-14). Let g be -1*(2 - 9) + -1. Let c = g - w. List the prime factors of c.
2
Suppose 4*t - 77 = -i, 3*t = 3*i - 0*t - 156. Suppose 71 = 4*d - 3*f, -3*d + 0*d + 3*f = -i. List the prime factors of d.
2, 7
Suppose 3*u - 4 = 26. List the prime factors of u.
2, 5
Let s(l) = -44*l**3 + 2*l**2 + l. Suppose -5*v + 5 = 10. List the prime factors of s(v).
3, 5
Let c(o) = o**3 + 8*o**2 + o + 10. Let u be c(-8). Suppose -w + 108 = 2*d, -4*d = -5*w - 0*d + 484. List the prime factors of w/6 - u/(-6).
17
Suppose 2*p - 42 = -6. What are the prime factors of p?
2, 3
Let b(f) = 2*f**2 - 4 + 15 - f**2 + 5*f. What are the prime factors of b(-5)?
11
Suppose -6*t = -2*t - 144. What are the prime factors of t?
2, 3
Suppose 6*g = g + 325. List the prime factors of g.
5, 13
Let x be ((-6)/(-9))/(1/3). Suppose -6*q + 62 = -q - z, -2*z = -x*q + 20. Let t = -9 + q. List the prime factors of t.
2
What are the prime factors of (356/3)/((-20)/(-30))?
2, 89
Suppose 0*g = -2*g + 20. What are the prime factors of g?
2, 5
Let p = 44 - 3. Let i = p + -19. What are the prime factors of i?
2, 11
Suppose -5*q - 18 - 12 = 0. What are the prime factors of 2/q + 37/3?
2, 3
Suppose 0*y + 5 = y + 2*g, -y = -5*g + 23. List the prime factors of 0 - 2*y/2.
3
List the prime factors of 3 + (-7 - -3) + 4.
3
Let w(z) = z**3 - 7*z**2 + 2*z - 7. Let q be w(6). Let o(b) = -3*b**2 - b + 3. Let s be o(-3). Let a = s - q. List the prime factors of a.
2, 5
Suppose 5 = q - 6. List the prime factors of q.
11
Suppose -5*w - 120 = 55. Suppose -3*n = -5*n - 44. Let p = n - w. What are the prime factors of p?
13
Suppose 0 = -o + 15 + 21. What are the prime factors of o?
2, 3
Suppose 3*w - 405 = 99. What are the prime factors of w/(6/2) + -1?
5, 11
Let l = 186 - 125. What are the prime factors of l?
61
Let r(w) = -w**2 - 20*w - 13. What are the prime factors of r(-8)?
83
Suppose -4*d + z + 94 = 0, -d + 46 = d - z. What are the prime factors of d?
2, 3
Let t(a) = a**2 - 18. Let q be t(0). Let h = q + 31. List the prime factors of h.
13
Let h(w) = -w**2 + w + 37. Suppose -5*a = -a. List the prime factors of h(a).
37
Let i(l) be the first derivative of l**3/3 + l**2/2 + 12*l + 1. List the prime factors of i(0).
2, 3
Suppose -2*j = -0*u + 3*u - 2, -3*j + 4*u + 3 = 0. Suppose -3*g + 90 = -3*z, z + 3 = j. Suppose 4*x - g = -4. What are the prime factors of x?
2, 3
Let s be 27/(-1)*(-112)/24. List the prime factors of ((-3)/2)/((-27)/s).
7
Let o = 1 - -45. What are the prime factors of o?
2, 23
List the prime factors of -2*1*(-15)/10.
3
Suppose -2*m + 226 = -0*m + 4*q, -3*m + 5*q = -339. What are the prime factors of m?
113
Let c = 2 + 34. Let o be (c/5)/(9/30). Let w = o - 12. List the prime factors of w.
2, 3
Let l = -26 + 42. Let x = l - 3. List the prime factors of x.
13
Let k = 21 + 7. Suppose 4*n + 4*a - 52 = 0, 2*n + 4*a = -0*a + k. Suppose -4*b + n = -0*b. List the prime factors of b.
3
Suppose -3 + 12 = 3*c. Suppose -2*b - c = -7. What are the prime factors of (-4)/(16/(-14))*b?
7
Let u(l) = 4*l - 1. Let r be u(3). Let s(y) = y. Let d be s(r). Suppose k + 3*n - 2 - 4 = 0, 0 = k - 2*n - d. What are the prime factors of k?
3
Let d(l) = 5 + 6*l - l**2 + 4 - 3. List the prime factors of d(6).
2, 3
Let o = 7 + -7. Suppose o*v + 12 = 3*v. List the prime factors of v.
2
Suppose -3 = l + 2. Let r be 2/2*-1 - l. Suppose 4*b + r*p = -4, -3*b + 2 = p - 3. What are the prime factors of b?
3
Let o be (3/(-9))/(3/(-18)). Let m be (-6)/(-2) + 1*2. Suppose 2*g = -g + 2*a + 21, m*g = o*a + 31. List the prime factors of g.
5
Let q(n) = -20*n - 5. What are the prime factors of q(-2)?
5, 7
Let d = -48 + 107. What are the prime factors of d?
59
Let i = -3 - -2. Let p be (-22 - 2) + (-3 - i). Let f = 36 + p. List the prime factors of f.
2, 5
What are the prime factors of ((-160)/(-4) - -3)*(2 - -2)?
2, 43
Suppose 6*x = 2*x - 16, -4*n + 4*x = 36. Let y = n - -17. List the prime factors of y.
2
Suppose -4*q + 2*q = z - 37, 3*q = -2*z + 71. What are the prime factors of z/5 - 4/20?
2, 3
Let g(p) = 5*p + 3. Let v(x) = 7*x + 4. Let d(o) = -8*g(o) + 5*v(o). List the prime factors of d(-3).
11
Let q = 14 - 9. Suppose -q*z - 3*k - 2 = -18, 0 = -4*z + 3*k + 2. List the prime factors of z.
2
Suppose n + n - 92 = 0. Suppose -n = -4*c + 58. What are the prime factors of c?
2, 13
Let k(p) = 44*p**2 + 1. What are the prime factors of k(-1)?
3, 5
Let d be -4*(2 + 6/(-4)). Let y(s) = -2*s**3 - 3*s**2. What are the prime factors of y(d)?
2
Let r(d) = 2*d**3 - 4*d**2 + 4*d - 3. Let c = -8 - -13. Let s = -3 + c. What are the prime factors of r(s)?
5
Suppose -4*w + 106 = -c + 3*c, 2*w + 4*c - 44 = 0. What are the prime factors of w?
2, 7
Let g(a) be the first derivative of a**4/4 - 5*a**3/3 + a**2 - 3*a + 1. List the prime factors of g(5).
7
Let b(l) = -4*l. Let p be (-2)/3 - 10/(-6). Let q be b(p). List the prime factors of ((-21)/(-14))/((-2)/q).
3
Let n = 3 - 2. Suppose z + 8 = -n. List the prime factors of 8/36 - 52/z.
2, 3
Let j(f) = -f**3 - 3*f**2 + 3*f + 3. List the prime factors of j(-4).
7
Suppose -3*z + 2*h = -0*h - 55, -5*z + 4*h = -89. Suppose 5*y - 12 = -n + 21, 5*n - z = -y. List the prime factors of y.
2, 3
Let c(w) = -56*w + 79. What are the prime factors of c(-5)?
359
Let r(s) = -3*s**2 + 2*s**2 + 0*s**2 + 10. Let b(k) = -5*k**2 + 41. Let g(x) = -2*b(x) + 9*r(x). List the prime factors of g(0).
2
Let y(c) = c**3 - 4*c**2 + 3*c - 1. Suppose 0 = -4*x - x + 20. List the prime factors of y(x).
11
Let t be (-3 - -5)*(-2)/(-2). Let z be 3/(28/(-20) + 2). Suppose -t*a - 2*l = -26, 71 = z*a + 3*l + 16. What are the prime factors of a?
2
Let k(p) = -2*p**2 - 9*p + 11. What are the prime factors of k(-5)?
2, 3
Suppose -5*o + 62 = -118. List the prime factors of o.
2, 3
Let j(t) = 9*t**2 + 4*t + 5. What are the prime factors of j(3)?
2, 7
Let m(a) = a. Let l be m(4). Suppose q - l = -1. List the prime factors of (-16)/(-20)*75/q.
2, 5
Let m = -756 - -1073. What are the prime factors of m?
317
Let v = -5 - -10. Suppose -3*q = -4*m - 2 + 31, 0 = m - v*q + 14. What are the prime factors of m?
11
Let x(g) = -g**3 + g**2 - 4*g - 3. Suppose 2 = 3*m - 4*m. List the prime factors of x(m).
17
List the prime factors of 154/33*(-27)/(-6).
3, 7
Let x = 24 - 16. List the prime factors of x.
2
Let m = -4 + 7. Suppose -5*y = 5*f - 15, 15 - m = 2*y + 4*f. Suppose y = 2*w - 0*w - 28. What are the prime factors of w?
2, 7
Suppose 0 = -2*u - b - 7 + 3, -2*u + 12 = -3*b. Suppose u = -4*a - 4, 0 = -5*w + 2*a + 52. What are the prime factors of w?
2, 5
Let d(n) = n + 9. Let z be d(-6). Suppose -51 = -5*v - 4*o, -3*o = v - 4*o - z. List the prime factors